g = -70 + z. Is g a composite number?
True
Let z be (9/(-4))/(11/(-396)). Let u = z + -47. Is u a prime number?
False
Is (2/4)/(12/617640) prime?
False
Suppose -58*t - 45470 = -63*t. Is t a prime number?
False
Let k = 113 - 71. Suppose -k = -2*v + 20. Let x = 58 + v. Is x a prime number?
True
Suppose 7*n - 32012 - 3891 = 0. Is n prime?
False
Suppose 5*j = 3*l - 0*l - 40, 0 = l. Let u(b) = -52*b + 16. Let r be u(j). Suppose 4*d - 220 = r. Is d a composite number?
False
Let w(n) = 197*n**3 - 4*n + 18. Is w(7) a prime number?
False
Suppose 40*d - 746711 - 1237569 = 0. Is d a prime number?
False
Let o be 4*(-6)/24*(0 + -2). Is 211/o*(-90)/(-9) composite?
True
Suppose -3*l = -2*l - 2*u - 2493, 3 = -3*u. Is l a composite number?
True
Is (-1)/((-245512)/81836 + 3) a prime number?
False
Suppose 2*q = -n + 2538 + 75, -3*n + 7814 = q. Is n composite?
True
Suppose 2*a - a - 3 = 2*k, -3*a - 3*k + 18 = 0. Suppose 0*v = -a*v. Suppose -3*t + 74 + 217 = v. Is t composite?
False
Suppose 0 = -4*c, -5181 = -3*g - 0*c - c. Is g composite?
True
Is ((-53990)/(-10) + 8)/1 prime?
True
Let q = 1511 - -11534. Is q a prime number?
False
Let a = -11358 - -16657. Is a composite?
True
Suppose 7*p - 11*p + 25796 = 0. Is p composite?
False
Let r = -15 + -18. Let z = 78 + r. Suppose 2*i = 3*a + 86, -a = -i + a + z. Is i a composite number?
False
Let m = -22 - -50. Suppose 227 = g + m. Is g composite?
False
Suppose -80904 = -20*r + 16316. Is r composite?
False
Suppose 0*a - 5*k - 38156 = -2*a, -38196 = -2*a - 5*k. Let d = -10147 + a. Is d a composite number?
False
Suppose 0 = 4*k - 16 + 4. Suppose -5483 = -k*r + 7852. Suppose 0 = 12*u - 7*u - r. Is u a composite number?
True
Let h(r) be the second derivative of -139*r**5/120 + r**4/8 - 2*r**3 + 14*r. Let d(s) be the second derivative of h(s). Is d(-1) composite?
True
Let j = -19079 - -42202. Is j a prime number?
False
Let i(x) = 179*x**2 + 86*x - 11. Is i(-12) composite?
False
Let r(z) = 3 - 2 + z**2 - 4 - 7 - 5*z. Let a be r(7). Let u = 38 - a. Is u a prime number?
False
Let l(y) be the third derivative of y**8/3360 + y**7/315 - y**6/144 + y**5/30 - 5*y**2. Let d(k) be the third derivative of l(k). Is d(-7) prime?
False
Suppose q = 1310 - 7. Let d = q + -916. Suppose 5*o - 2*o = d. Is o prime?
False
Let o be -10 + 10 + (5 - 1). Suppose t = 2*q + 3*t - 108, o*t = -q + 57. Is q a composite number?
False
Let o be 329 + -5 + 2/2. Let f = -134 + o. Is f composite?
False
Let b be (0 - 0)*(-1 - -2). Suppose 5*w = 3*j - 1018, 0 = 3*w - 3 - b. Is j a prime number?
False
Suppose -11*w = -9*w - 2. Suppose 2*b - 5 = w. Suppose -71 = -b*d + 76. Is d a composite number?
True
Let u(h) = -10 + 3*h + h - 5*h**2 - 3 + 3*h**3. Is u(6) composite?
False
Let w(g) = 140*g + 57. Let y be w(9). Suppose -h + 3*x = 4*x - y, -2*x + 1315 = h. Is h composite?
False
Suppose -2*b = 5*b - 21. Suppose b*g = -1 - 17. Is g/4 - 754/(-4) composite?
True
Suppose 18 = 4*a - k - 0*k, 0 = 3*k + 6. Suppose -5*s + 0*l + 343 = 2*l, 0 = a*s - 4*l - 252. Is s composite?
False
Let u = 24997 - 16946. Is u a composite number?
True
Is (252/(-8))/(-21) - 110651/(-2) prime?
False
Let s be -1*((-10)/20 - 671/2). Let u = s + 431. Is u a composite number?
True
Let y = -78 + 21. Let i = y + 88. Is i a composite number?
False
Let t(c) = 1172*c + 261. Is t(35) a composite number?
False
Let t be (1 - (-1 + 1)) + 954. Suppose -9*u = -3*u - 132. Suppose 17*c = u*c - t. Is c a composite number?
False
Let u(p) = 105*p**2 - 6*p + 12. Suppose 2*j - 2*i + 4*i + 24 = 0, 3*j = 4*i - 1. Is u(j) a prime number?
False
Let r(i) = i**2. Let k be r(0). Let d = 3 - k. Suppose q - 5*u = 536, -u = -5*q - d*u + 2761. Is q prime?
False
Suppose 0 = 4*i - 6*i - 8. Let k(v) = 112*v + 7. Let m be k(i). Let f = m + 748. Is f a composite number?
False
Is (6 - 4) + (483 - 6) composite?
False
Let d(o) = 39*o - 79. Is d(16) composite?
True
Let h(n) = 84*n**2 + 10*n + 9. Suppose -q + d + 14 = 2*q, -5*q - d + 26 = 0. Is h(q) a composite number?
True
Let m = 18382 - 8849. Is m prime?
True
Let p be -3*18/24*(-1 - 867). Suppose 5*b + 7*v - p = 5*v, -12 = -3*v. Is b a composite number?
False
Is (3/(0 - 1))/1 - -4204 a composite number?
False
Let o(q) = 8*q**2 + 62*q - 167. Is o(43) prime?
True
Let x = -9 - -13. Let t = 37 + -35. Suppose t*a = 6*a + 4*c - 160, -x*a = 3*c - 163. Is a a prime number?
True
Let v = -75 - -484. Let h = v - -226. Is h a prime number?
False
Suppose 4 = -4*y + 3*y, 2204 = -4*k - 4*y. Let c be (1 + 5)*(10/4)/(-5). Is k/(3/(-6 - c)) prime?
True
Suppose -i + i - i = 0. Suppose n = -d + 5*n + 271, i = -2*d + 3*n + 537. Is d a composite number?
True
Suppose 0 = 11*y - 4521 - 1078. Suppose 0 = 2*n - 0*o + o - 491, -2*n + y = -5*o. Is n prime?
False
Let m(d) = 10*d**2 + 120*d + 23. Is m(-36) prime?
True
Suppose 2*m - 55 = -3*m. Suppose -5755 = -m*q + 6*q. Is q composite?
False
Let q(h) = -h**3 + 3*h**2 - 10*h - 5. Let f be q(8). Let i = f + 904. Is i composite?
False
Suppose 2*h - 19144 = 2*c + 1230, -3*c + 6 = 0. Is h composite?
True
Suppose 0*x = x + 213. Let v = x + 391. Is v a prime number?
False
Suppose -3381 - 1421 = -5*o + 3*t, 5*o - 4798 = 2*t. Suppose 0 = 4*d - a - 5134, 4*d + 2*a = -o + 6086. Is d a prime number?
True
Let x be ((-434)/(-28))/(2/52). Suppose -x = 6*f - 1117. Is f composite?
True
Suppose 0 = -4*z + o + 33, -5*z + 0*o + 4*o = -55. Suppose z*i = 2*i + 3715. Is i a prime number?
True
Let i = 23 + -10. Suppose 0 = -4*s + i - 5. Suppose -2*l - t - 857 = -2632, s*l - 1769 = 5*t. Is l composite?
False
Suppose -5*s + 5*p = 2580, 0 = 2*s - 5*p + 1196 - 167. Let r = 4 - s. Is r a prime number?
True
Let a(m) = -138*m - 23. Is a(-5) a composite number?
True
Let h(o) = -o**3 + 3*o + 1. Let v be h(-2). Suppose 2*f - v = t + 1, -5*t - 2 = -4*f. Suppose -1713 = -n - 5*j, 3*j = 3*n + t*j - 5075. Is n composite?
False
Let t(a) = a**3 + 13*a**2 - 14*a - 7. Let v be t(-14). Let r = v - -8. Is (36 - (-3 - -5))/r prime?
False
Suppose 0 = 4*m + 2*m - 33510. Suppose -3*v - 2*v + m = 0. Is v prime?
True
Let i(u) = 347*u**2 - u - 9. Let t be i(-4). Is (1/(-2))/(t/1110 - 5) composite?
True
Let o(r) = -1220*r**2 - 3*r + 2. Let t be o(1). Let p = -2382 - t. Let c = p + 1652. Is c a composite number?
False
Let y(p) = -2416*p + 7. Let a be y(-1). Suppose 4*s + a - 33787 = 0. Is s composite?
False
Let l(g) = g**2 + 5*g. Let i be l(-4). Is i + (-6 + 4)*-223 - -1 prime?
True
Suppose 0 = 51*l - 24*l - 511569. Is l a composite number?
False
Suppose -2*i = 0, -4*r + 24 = -i + 4*i. Is 502/6 - (r/9)/1 prime?
True
Let v = -6585 + 21026. Is v a prime number?
False
Let d(g) = 5*g**2 + 5*g - 2*g**2 - 1 - 1 - 2*g**2. Let x be d(-4). Let t = x + 163. Is t prime?
True
Let m(o) = 2*o - 8. Let z be m(7). Suppose 3*d - z = -0*d. Suppose 4*b - r - 454 = -d*r, 2*r + 335 = 3*b. Is b prime?
True
Suppose -v + 1924 = -z, -2*v + 1678 = 2*z - 2190. Is v a composite number?
True
Suppose 3*f = 4*j + 4997 + 3496, 2*f - 5651 = -j. Is f prime?
False
Is (-219)/(-146) + (9403/2)/1 composite?
False
Let p = -9 + 6. Let q be (-123 - 1)*p/6. Suppose -g = g - q. Is g composite?
False
Suppose 438 + 972 = 6*k. Suppose 0 = q - 282 - k. Is q a composite number?
True
Let z be 9/12 - 4/(16/3). Suppose 3*m - r - 3558 = z, -5*m + 4*r = -3514 - 2409. Is m a composite number?
False
Suppose 2*b - 3 = -d + 16, 0 = 2*d + 2. Let u(a) = 32 - a**3 - 11 - 11*a + 15*a**2 - 14. Is u(b) a composite number?
False
Let l(y) = y**2 - 7*y - 103. Is l(-14) a composite number?
False
Suppose 76355 = 8*b + 5211. Is b a prime number?
True
Suppose v = -4*v - 5*d - 70, 0 = -4*d. Let o be 4/14 + (-430)/v. Let f = o - 6. Is f a composite number?
True
Suppose 4470 = -2*z + 13000. Is z a composite number?
True
Suppose 4*d = 2*v - 2934, -1449 = v - 2*v - 4*d. Is v composite?
True
Let y(l) = 10 + 24*l + 2 - 5. Let r = -400 + 409. Is y(r) a prime number?
True
Let b(c) = -c + 11. Let y be b(6). Is 294 + (-1)/(y/5) a composite number?
False
Suppose -5*t = -10*t - 260. Let z(l) = -167*l + 59. Let v be z(4). Let r = t - v. Is r composite?
False
Let p = -1 + 3. Suppose p = y, 0*m + 4*m - 6230 = 3*y. Is m a prime number?
True
Let c(u) = u**2 + 14*u + 5. Let d be c(-14). Suppose 0 = 3*n - d*n + 390. Suppose 0 = 5*q - 10, n + 1266 = 5*x - 2*q. Is x composite?
False
Suppose 3*j + r - 35